, 5261
List the prime factors of 4878877.
19, 41, 6263
What are the prime factors of 6142363?
6142363
What are the prime factors of 150741?
3, 1861
List the prime factors of 679594.
2, 103, 3299
What are the prime factors of 2946404?
2, 211, 3491
What are the prime factors of 2563441?
2563441
What are the prime factors of 1620708?
2, 3, 135059
What are the prime factors of 2764927?
11, 157, 1601
What are the prime factors of 15728598?
2, 3, 53, 16487
What are the prime factors of 1121782?
2, 560891
List the prime factors of 478241.
478241
List the prime factors of 5120125.
5, 40961
What are the prime factors of 7538525?
5, 331, 911
List the prime factors of 143248.
2, 7, 1279
List the prime factors of 211044.
2, 3, 43, 409
What are the prime factors of 420634?
2, 210317
List the prime factors of 2710751.
1039, 2609
What are the prime factors of 384860?
2, 5, 7, 2749
What are the prime factors of 2121?
3, 7, 101
What are the prime factors of 2927482?
2, 19, 41, 1879
List the prime factors of 11019615.
3, 5, 163, 4507
List the prime factors of 214334.
2, 31, 3457
What are the prime factors of 8697622?
2, 29, 5171
What are the prime factors of 5245740?
2, 3, 5, 151, 193
What are the prime factors of 62431?
149, 419
List the prime factors of 10947916.
2, 7, 71, 5507
What are the prime factors of 807750?
2, 3, 5, 359
List the prime factors of 1479292.
2, 257, 1439
What are the prime factors of 20951814?
2, 3, 13, 268613
List the prime factors of 2061.
3, 229
List the prime factors of 660281.
660281
List the prime factors of 21185333.
13, 67, 1871
What are the prime factors of 10268551?
1567, 6553
What are the prime factors of 60785?
5, 12157
What are the prime factors of 346739?
346739
What are the prime factors of 855106?
2, 7, 103, 593
What are the prime factors of 52794?
2, 3, 7, 419
What are the prime factors of 4335366?
2, 3, 7, 109, 947
List the prime factors of 11139.
3, 47, 79
What are the prime factors of 208558?
2, 7, 14897
What are the prime factors of 4617476?
2, 1154369
What are the prime factors of 2345116?
2, 17, 34487
What are the prime factors of 28517124?
2, 3, 1429, 1663
List the prime factors of 444757.
31, 14347
What are the prime factors of 15880691?
15880691
What are the prime factors of 293237?
7, 163, 257
What are the prime factors of 10891751?
13, 149, 5623
What are the prime factors of 567372?
2, 3, 13, 3637
List the prime factors of 1557796.
2, 191, 2039
What are the prime factors of 1393978?
2, 696989
List the prime factors of 934875.
3, 5, 277
List the prime factors of 405191.
23, 79, 223
What are the prime factors of 159300?
2, 3, 5, 59
What are the prime factors of 5900124?
2, 3, 491677
List the prime factors of 207910.
2, 5, 17, 1223
What are the prime factors of 3824264?
2, 101, 4733
What are the prime factors of 3807015?
3, 5, 253801
List the prime factors of 259631.
259631
What are the prime factors of 12648284?
2, 11, 337, 853
What are the prime factors of 10067448?
2, 3, 419477
What are the prime factors of 4628683?
269, 17207
What are the prime factors of 30279432?
2, 3, 1261643
List the prime factors of 314413.
11, 101, 283
What are the prime factors of 5552242?
2, 109, 25469
List the prime factors of 280383.
3, 19, 4919
List the prime factors of 1591502.
2, 11, 72341
List the prime factors of 25299777.
3, 8433259
List the prime factors of 75612.
2, 3, 6301
List the prime factors of 3107141.
17, 182773
What are the prime factors of 3024522?
2, 3, 168029
List the prime factors of 3089811.
3, 1029937
List the prime factors of 307636.
2, 7, 10987
List the prime factors of 435934.
2, 37, 43, 137
What are the prime factors of 32407187?
32407187
What are the prime factors of 38157664?
2, 1192427
What are the prime factors of 486344?
2, 60793
What are the prime factors of 45381015?
3, 5, 1008467
What are the prime factors of 134377?
83, 1619
What are the prime factors of 152177?
43, 3539
List the prime factors of 2034541.
2034541
List the prime factors of 13389694.
2, 89, 75223
What are the prime factors of 228889?
43, 5323
List the prime factors of 2127599.
59, 36061
What are the prime factors of 181314?
2, 3, 7, 1439
What are the prime factors of 306559?
11, 29, 31
List the prime factors of 29116331.
29116331
What are the prime factors of 31542?
2, 3, 7, 751
What are the prime factors of 18690740?
2, 5, 934537
List the prime factors of 2818224.
2, 3, 19571
What are the prime factors of 2314434?
2, 3, 385739
List the prime factors of 10503777.
3, 3501259
What are the prime factors of 36767?
36767
What are the prime factors of 14305942?
2, 7, 17, 31, 277
What are the prime factors of 1098989?
1098989
What are the prime factors of 1933900?
2, 5, 83, 233
List the prime factors of 662389.
7, 13, 29, 251
What are the prime factors of 808385?
5, 107, 1511
What are the prime factors of 16714511?
11, 41, 37061
What are the prime factors of 353673?
3, 13099
List the prime factors of 1239248.
2, 73, 1061
List the prime factors of 13669436.
2, 11, 19, 83, 197
List the prime factors of 877304.
2, 109663
What are the prime factors of 15292894?
2, 17, 223, 2017
List the prime factors of 139645.
5, 11, 2539
What are the prime factors of 474101?
474101
What are the prime factors of 28341441?
3, 1049683
List the prime factors of 49075.
5, 13, 151
What are the prime factors of 5186174?
2, 7, 370441
List the prime factors of 28237167.
3, 7, 49801
What are the prime factors of 27193?
71, 383
What are the prime factors of 3378000?
2, 3, 5, 563
What are the prime factors of 23261528?
2, 2907691
What are the prime factors of 22043026?
2, 137, 80449
What are the prime factors of 7587583?
41, 185063
List the prime factors of 12418496.
2, 29, 6691
What are the prime factors of 546298?
2, 273149
List the prime factors of 387797.
37, 47, 223
List the prime factors of 3083751.
3, 11, 3461
List the prime factors of 2274309.
3, 23, 10987
List the prime factors of 25722369.
3, 2858041
What are the prime factors of 2025538?
2, 1012769
List the prime factors of 13524.
2, 3, 7, 23
List the prime factors of 30397954.
2, 1427, 10651
List the prime factors of 77080.
2, 5, 41, 47
What are the prime factors of 7185582?
2, 3, 617, 647
List the prime factors of 491012.
2, 122753
What are the prime factors of 599460?
2, 3, 5, 97, 103
List the prime factors of 757426.
2, 378713
What are the prime factors of 3304622?
2, 337, 4903
What are the prime factors of 10044153?
3, 7, 159431
What are the prime factors of 2274230?
2, 5, 7, 53, 613
List the prime factors of 1184883.
3, 7, 17, 3319
What are the prime factors of 675898?
2, 337949
List the prime factors of 185784.
2, 3, 7741
What are the prime factors of 1228647?
3, 7, 41, 1427
List the prime factors of 798896.
2, 7, 1019
List the prime factors of 13773971.
13773971
What are the prime factors of 704873?
13, 59, 919
What are the prime factors of 2673784?
2, 283, 1181
What are the prime factors of 6796677?
3, 509, 4451
What are the prime factors of 1475256?
2, 3, 61469
List the prime factors of 703243.
703243
What are the prime factors of 391522?
2, 195761
List the prime factors of 702949.
13, 23, 2351
List the prime factors of 2300670.
2, 3, 5, 8521
List the prime factors of 1627890.
2, 3, 5, 11, 4933
What are the prime factors of 3441516?
2, 3, 13, 1697
List the prime factors of 1067154.
2, 3, 11, 19, 23, 37
List the prime factors of 1722641.
827, 2083
What are the prime factors of 175000?
2, 5, 7
What are the prime factors of 3368467?
107, 31481
List the prime factors of 1803504.
2, 3, 37573
List the prime factors of 7439538.
2, 3, 1239923
What are the prime factors of 1559083?
19, 31, 2647
List the prime factors of 5436359.
719, 7561
List the prime factors of 1053174.
2, 3, 191, 919
List the prime factors of 636194.
2, 13, 24469
What are the prime factors of 1412877?
3, 470959
What are the prime factors of 269849?
449, 601
List the prime factors of 126742.
2, 7, 11, 823
List the prime factors of 1056411.
3, 107, 1097
List the prime factors of 200103.
3, 66701
What are the prime factors of 980798?
2, 7, 13, 17, 317
What are the prime factors of 797406?
2, 3, 347, 383
What are the prime factors of 999996?
2, 3, 167, 499
What are the prime factors of 268218?
2, 3, 4967
List the prime factors of 17171075